
What are the prime factors of 122689786?
2, 73, 840341
List the prime factors of 91633661.
7, 53, 367, 673
What are the prime factors of 196542428?
2, 49135607
What are the prime factors of 740717248?
2, 2857, 4051
List the prime factors of 2724961251.
3, 151, 281, 21407
List the prime factors of 111598854.
2, 3, 59, 315251
List the prime factors of 2816442501.
3, 223, 4209929
List the prime factors of 48793221.
3, 751, 7219
List the prime factors of 84882202.
2, 42441101
What are the prime factors of 3221478047?
163, 3457, 5717
List the prime factors of 23122240.
2, 5, 19, 3803
List the prime factors of 1173976540.
2, 5, 11, 43, 193, 643
What are the prime factors of 723983690?
2, 5, 43, 59, 28537
What are the prime factors of 1662367102?
2, 11, 75562141
What are the prime factors of 2257332570?
2, 3, 5, 79, 105829
List the prime factors of 490692262.
2, 59, 4158409
List the prime factors of 3351403882.
2, 19, 88194839
List the prime factors of 11907062.
2, 263, 22637
What are the prime factors of 28639619?
67, 427457
List the prime factors of 1372989862.
2, 29, 67, 353317
What are the prime factors of 33319932?
2, 3, 17, 233, 701
What are the prime factors of 5707101595?
5, 13, 2393, 36691
What are the prime factors of 149989286?
2, 127, 271, 2179
What are the prime factors of 53680584?
2, 3, 953, 2347
What are the prime factors of 99490623?
3, 33163541
List the prime factors of 84150315.
3, 5, 29, 64483
List the prime factors of 471116808.
2, 3, 71, 157, 587
What are the prime factors of 59583331?
59583331
What are the prime factors of 143299113?
3, 37, 1290983
List the prime factors of 22294405.
5, 7, 636983
List the prime factors of 53075718.
2, 3, 137, 21523
List the prime factors of 790054024.
2, 149, 662797
List the prime factors of 29056454.
2, 7, 41, 223, 227
List the prime factors of 62030018.
2, 3221, 9629
What are the prime factors of 31336815?
3, 5, 31, 67391
List the prime factors of 135580712.
2, 17, 47, 21211
What are the prime factors of 5660623?
5660623
What are the prime factors of 27035134?
2, 7, 17, 29, 3917
What are the prime factors of 19456166?
2, 1289, 7547
What are the prime factors of 30983314?
2, 739, 20963
List the prime factors of 75744499.
1229, 61631
List the prime factors of 335468106.
2, 3, 17, 173, 6337
What are the prime factors of 425397433?
29, 3467, 4231
List the prime factors of 26357113.
26357113
What are the prime factors of 38318106?
2, 3, 29, 349, 631
What are the prime factors of 2997057725?
5, 119882309
What are the prime factors of 828768678?
2, 3, 2251, 61363
What are the prime factors of 71517286?
2, 35758643
List the prime factors of 27056782.
2, 859, 15749
What are the prime factors of 3404302131?
3, 43, 103, 173, 1481
What are the prime factors of 835780538?
2, 417890269
What are the prime factors of 54037971?
3, 13, 23, 43, 467
What are the prime factors of 39343129?
7, 19, 6037
List the prime factors of 430110878.
2, 61, 3525499
List the prime factors of 5109325438.
2, 7, 443, 823819
List the prime factors of 43937053.
53, 829001
List the prime factors of 34490746.
2, 1999, 8627
What are the prime factors of 46845527?
29, 1615363
List the prime factors of 1645201324.
2, 13, 31638487
What are the prime factors of 33132960?
2, 3, 5, 7, 19, 173
What are the prime factors of 47203140?
2, 3, 5, 786719
What are the prime factors of 39909443?
7, 19, 101, 2971
What are the prime factors of 729114653?
729114653
What are the prime factors of 1285016464?
2, 31, 103, 25153
List the prime factors of 2333907382.
2, 23, 73, 479, 1451
What are the prime factors of 136189897?
136189897
What are the prime factors of 213289489?
7, 61, 499507
List the prime factors of 2150756531.
7, 11, 3313, 8431
List the prime factors of 345347288.
2, 11, 13, 301877
List the prime factors of 4430778976.
2, 13, 10650911
What are the prime factors of 23771902?
2, 7, 11, 14033
What are the prime factors of 776259785?
5, 7, 197, 112583
List the prime factors of 393310036.
2, 7, 1607, 8741
What are the prime factors of 81587386?
2, 17, 2399629
List the prime factors of 59348262.
2, 3, 9891377
List the prime factors of 3516516127.
3516516127
List the prime factors of 26076908.
2, 11, 13, 45589
What are the prime factors of 709114395?
3, 5, 11, 4297663
List the prime factors of 388251905.
5, 31, 131, 19121
List the prime factors of 1172840231.
20929, 56039
List the prime factors of 325189773.
3, 36132197
What are the prime factors of 4253338938?
2, 3, 479, 1479937
What are the prime factors of 64741232?
2, 4046327
What are the prime factors of 141604459?
71, 1994429
List the prime factors of 4295673198.
2, 3, 29, 167, 49277
List the prime factors of 477493431.
3, 59, 277, 9739
What are the prime factors of 156609944?
2, 23, 251, 3391
List the prime factors of 55770871.
13, 19, 43, 59, 89
What are the prime factors of 20292639?
3, 109, 62057
List the prime factors of 4675803998.
2, 17, 23, 857, 6977
What are the prime factors of 1409898594?
2, 3, 13, 18075623
List the prime factors of 327960803.
327960803
What are the prime factors of 70731271?
13, 17, 271, 1181
List the prime factors of 89252259.
3, 23, 113, 11447
What are the prime factors of 266900722?
2, 11, 197, 61583
What are the prime factors of 58511380?
2, 5, 941, 3109
What are the prime factors of 1201612392?
2, 3, 16689061
List the prime factors of 31014746.
2, 7, 29, 1559
List the prime factors of 675765455.
5, 107, 1263113
List the prime factors of 363601938.
2, 3, 7, 401, 21589
List the prime factors of 50743430.
2, 5, 137, 37039
What are the prime factors of 214451519?
37, 5795987
List the prime factors of 4219296743.
127, 33222809
What are the prime factors of 1584342751?
797, 1987883
List the prime factors of 14341019.
7, 11, 186247
List the prime factors of 3151925845.
5, 37, 17037437
List the prime factors of 351168536.
2, 43896067
What are the prime factors of 18320077?
311, 58907
What are the prime factors of 268623643?
268623643
List the prime factors of 102528281.
73, 1404497
List the prime factors of 1844111018.
2, 12553, 73453
What are the prime factors of 264622529?
733, 361013
What are the prime factors of 502995061?
1399, 359539
What are the prime factors of 281323467?
3, 31258163
List the prime factors of 29402367.
3, 17, 19, 1597
List the prime factors of 98803714.
2, 127, 388991
What are the prime factors of 125377466?
2, 19, 211, 823
List the prime factors of 153901689.
3, 167, 307189
What are the prime factors of 490562446?
2, 11, 23, 887, 1093
List the prime factors of 96653927.
53, 1823659
What are the prime factors of 193773456?
2, 3, 1345649
List the prime factors of 72167020.
2, 5, 37, 97523
List the prime factors of 1194950577.
3, 277, 1437967
List the prime factors of 1857718455.
3, 5, 123847897
List the prime factors of 51290702.
2, 25645351
List the prime factors of 1309376670.
2, 3, 5, 7, 109, 57203
List the prime factors of 35362098.
2, 3, 1964561
What are the prime factors of 414809406?
2, 3, 11, 19, 71, 1553
List the prime factors of 37162370.
2, 5, 7, 163, 3257
What are the prime factors of 447687204?
2, 3, 97, 384611
List the prime factors of 333788254.
2, 181, 922067
What are the prime factors of 1432116943?
83, 4057, 4253
What are the prime factors of 53179566?
2, 3, 11, 199, 4049
What are the prime factors of 531250281?
3, 61, 487, 1987
What are the prime factors of 143746400?
2, 5, 7, 19, 193
List the prime factors of 513119981.
11, 4240661
List the prime factors of 3759357402.
2, 3, 4243, 49223
List the prime factors of 113838520.
2, 5, 2845963
List the prime factors of 132843194.
2, 11, 6038327
List the prime factors of 167205924.
2, 3, 151, 10253
List the prime factors of 354962706.
2, 3, 7, 47, 179819
What are the prime factors of 540027598?
2, 11, 2231519
List the prime factors of 1023170789.
17, 89, 676253
List the prime factors of 43680574.
2, 7, 307, 10163
List the prime factors of 1508663269.
1508663269
What are the prime factors of 561506455?
5, 112301291
List the prime factors of 353868983.
13, 233, 116827
List the prime factors of 2235301169.
151, 14803319
List the prime factors of 240602608.
2, 15037663
What are the prime factors of 42145106?
2, 21072553
List the prime factors of 3743438562.
2, 3, 6481, 32089
Li